-5
Let t(q) = q**2 + 41*q + 77. Determine t(-40).
37
Let t(b) = b**3 + 28*b**2 - 5*b - 97. What is t(-28)?
43
Let b(m) = -6*m**3 + 147*m**2 + 80*m - 115. Determine b(25).
10
Let u(q) = -q**3 - 44*q**2 + 45*q - 17. Determine u(-45).
-17
Let w(o) = -3*o**3 - 13*o**2 + 3*o + 8. What is w(-6)?
170
Let b(o) = -568*o + 7. Calculate b(0).
7
Let t(n) = 5*n**2 - 238*n + 114. Calculate t(47).
-27
Let f(l) = -12*l**2 - 27*l - 255. Determine f(-6).
-525
Let s(j) = j**2 - 5*j - 698. Give s(29).
-2
Let d(a) = -11*a**3 - 3*a**2 - 4*a + 4. Calculate d(-3).
286
Let i(h) = 264*h - 1062. What is i(4)?
-6
Let l(m) = 302*m + 209. What is l(-2)?
-395
Let a(k) = 256*k + 2423. Determine a(-11).
-393
Let z(j) = 2*j**3 + 3*j**2 - 49*j + 19. Calculate z(4).
-1
Let c(b) = b**3 - 11*b**2 - 35*b - 51. Give c(11).
-436
Let b(f) = 20*f**2 + 2*f - 175. Give b(0).
-175
Let k(r) = -115*r + 3659. Calculate k(32).
-21
Let l(o) = 3*o**2 - 2*o + 65. What is l(0)?
65
Let y(v) = -2*v**3 - 20*v**2 - v - 14. Calculate y(-10).
-4
Let k(g) = 3*g**3 + 45*g**2 + 3*g + 75. Give k(-15).
30
Let f(i) = 2*i**2 + 191*i + 1133. Give f(-6).
59
Let g(y) = 3*y - 132. Determine g(14).
-90
Let h(a) = -25*a**2 - 28*a - 5. Calculate h(-2).
-49
Let n(v) = -17*v**2 - 292*v + 258. Determine n(-18).
6
Let j(z) = 52*z + 652. What is j(-5)?
392
Let r(d) = 27*d + 10. Calculate r(-1).
-17
Let n(y) = -y**2 + 12*y + 2. Calculate n(-6).
-106
Let c(z) = -z**2 - 20*z + 186. What is c(-28)?
-38
Let f(l) = -l**2 + 53*l + 143. Determine f(54).
89
Let k(p) = -p**3 - 74*p**2 + 392*p - 7047. Give k(-80).
-7
Let x(o) = -3*o**2 - 13*o - 6. What is x(-2)?
8
Let c(s) = 8*s**2 + 3*s - 111. Determine c(-4).
5
Let b(d) = -d**2 + 36*d + 99. Give b(39).
-18
Let j(y) = y**3 + 15*y**2 + 7*y + 382. Calculate j(-16).
14
Let y(u) = u**3 + 17*u**2 - 31*u - 230. Determine y(-18).
4
Let a(t) = t**3 - 2*t**2 - 94*t + 424. Calculate a(5).
29
Let i(j) = 10*j - 42. Calculate i(-3).
-72
Let q(d) = 2*d**3 - 249*d**2 + 1073*d + 833. What is q(120)?
-7
Let b(n) = n**2 + 6*n - 4. Calculate b(-9).
23
Let p(h) = h**3 - 78*h**2 + 79*h - 147. Determine p(77).
7
Let d(r) = -41*r - 853. Determine d(-23).
90
Let x(s) = 3*s**2 - 304*s - 1587. Calculate x(-5).
8
Let g(c) = -c**2 + 15*c + 340. Determine g(27).
16
Let c(y) = -156*y - 4769. Give c(-31).
67
Let t(w) = 2*w**3 + 2*w**2 - 9*w - 37. Calculate t(-4).
-97
Let s(q) = 71*q - 73. What is s(0)?
-73
Let m(g) = -125*g**3 - g - 2. Give m(-1).
124
Let b(h) = 25712*h - 154272. What is b(6)?
0
Let v(c) = 35*c - 323. Calculate v(9).
-8
Let d(u) = -u**3 + 14*u**2 + 2163*u + 117. What is d(-40)?
-3
Let l(h) = -55*h**2 - 11605*h - 31. What is l(-211)?
-31
Let p(o) = 2*o**3 + 4*o**2 - 4*o - 8. Give p(-4).
-56
Let x(l) = 36*l**2 + 259*l + 12. Give x(-7).
-37
Let j(f) = -f**3 + f**2 - 8*f - 46. Calculate j(5).
-186
Let i(k) = -790*k - 18958. What is i(-24)?
2
Let n(g) = 10*g**2 - 211*g + 23. Calculate n(21).
2
Let c(f) = 2*f**2 - 28*f - 31. What is c(17)?
71
Let a(n) = 2*n**3 + 17*n**2 + 35*n + 104. Determine a(-7).
6
Let c(k) = 6*k**3 - 271*k**2 - 521*k + 190. What is c(47)?
2
Let f(p) = -35*p + 21. Give f(-1).
56
Let b(d) = 80*d - 396. Give b(5).
4
Let h(v) = -6*v**3 - 155*v**2 - 20*v - 1199. Give h(-26).
-3
Let c(i) = -i**3 - 52*i**2 - 54*i - 158. What is c(-51)?
-5
Let f(n) = -105*n + 179. Calculate f(3).
-136
Let d(b) = -9*b**2 - 28*b - 12. What is d(-2)?
8
Let u(s) = 33*s - 1704. Give u(52).
12
Let f(p) = 44*p**2 - 6*p - 15. Calculate f(3).
363
Let u(m) = 2*m**3 + 2*m**2 - 506*m - 609. Determine u(16).
-1
Let t(x) = -x**2 - 93*x - 2110. Give t(-50).
40
Let b(a) = 2*a**2 + 40*a + 10. Determine b(-17).
-92
Let o(y) = 18*y**2 + 367*y + 1384. What is o(-5)?
-1
Let c(l) = -114*l + 1190. Give c(11).
-64
Let f(b) = -143*b - 5451. What is f(-38)?
-17
Let d(z) = -2*z**2 + 2304*z + 9242. What is d(-4)?
-6
Let y(m) = 61*m - 19516. Determine y(320).
4
Let n(s) = -s**3 - 25*s**2 + 157*s - 16. Give n(5).
19
Let c(t) = t**3 - 27*t**2 - 59*t + 14. What is c(29)?
-15
Let a(q) = 37*q**2 + q + 1. Calculate a(1).
39
Let l(z) = z**3 - 2*z**2 + 13*z - 22. Determine l(0).
-22
Let u(j) = -293*j - 12346. Determine u(-42).
-40
Let v(y) = -20*y - 367. Give v(-18).
-7
Let o(m) = -4*m**3 + 3*m**2 + 7*m - 30. Give o(3).
-90
Let q(k) = -15*k + 126. Determine q(10).
-24
Let u(x) = 2*x - 62. Determine u(43).
24
Let t(v) = 2*v**3 + 130*v**2 - 2*v - 164. Determine t(-65).
-34
Let c(r) = -2*r**2 - 197*r + 5317. Determine c(22).
15
Let u(j) = -123*j + 1726. Calculate u(14).
4
Let a(x) = -155*x + 2800. What is a(18)?
10
Let r(h) = 547*h + 10948. Calculate r(-20).
8
Let m(z) = z**2 - 20*z - 84. What is m(15)?
-159
Let m(j) = -39*j - 1601. Calculate m(-28).
-509
Let f(m) = -55*m - 330. Determine f(-6).
0
Let g(l) = -6*l**3 - 611*l**2 + 109*l + 688. Calculate g(-102).
-26
Let z(b) = 74*b - 469. Calculate z(6).
-25
Let d(o) = 2*o**2 + 260*o + 1141. Give d(-125).
-109
Let z(p) = 5*p**2 - 902*p - 3309. Determine z(184).
3
Let l(y) = -4*y - 66. What is l(6)?
-90
Let q(v) = 5*v - 340. What is q(55)?
-65
Let x(u) = u**2 + 42*u + 230. What is x(-6)?
14
Let u(f) = -f**3 - 173*f**2 - 508*f + 12. Give u(-3).
6
Let l(p) = 339*p - 2035. Determine l(6).
-1
Let r(w) = -6*w**2 + 221*w + 75. What is r(37)?
38
Let x(u) = -u**3 - 3*u**2 + 5*u - 2. Give x(-3).
-17
Let b(u) = -131*u + 14016. What is b(107)?
-1
Let g(v) = 113*v + 2822. What is g(-25)?
-3
Let i(q) = -4*q**2 + 89*q - 648. Give i(16).
-248
Let t(g) = -103*g - 49. What is t(-2)?
157
Let w(y) = -3*y**2 - 70*y - 217. Calculate w(-5).
58
Let u(w) = -12*w**2 + 25*w + 95. What is u(-3)?
-88
Let n(i) = -2*i**3 - 54*i**2 - 52*i - 32. Determine n(-26).
-32
Let y(r) = -26*r**2 + 19*r + 6. Determine y(-6).
-1044
Let y(v) = 11*v**2 - 308*v + 81. Determine y(27).
-216
Let l(m) = -m**3 + 111*m**2 + 223*m + 347. Calculate l(113).
8
Let l(w) = 3*w**2 - 109*w + 841. Determine l(26).
35
Let b(m) = -m**3 - 70*m**2 - 130*m + 371. Calculate b(-68).
-37
Let o(c) = c**3 - 65*c**2 - 89*c - 3029. Give o(67).
-14
Let t(q) = -q**3 - 51*q**2 + 48*q - 143. What is t(-52)?
65
Let x(b) = -14814*b - 59285. Calculate x(-4).
-29
Let t(l) = -105*l + 203. Determine t(4).
-217
Let d(t) = 2*t**2 + 16*t + 17. Give d(-10).
57
Let v(z) = 16*z + 59. Calculate v(-2).
27
Let c(z) = 89*z + 1408. Give c(-16).
-16
Let u(k) = 453*k + 5446. Give u(-12).
10
Let r(p) = p**3 + 81*p**2 - 808*p + 92. Determine r(-90).
-88
Let m(y) = 2*y**3 + 27*y**2 + 81*y - 16. Determine m(-5).
4
Let a(w) = 7*w**2 - 38*w + 9. What is a(3)?
-42
Let h(f) = -f**2 - 74*f - 48. Give h(-73).
25
Let z(v) = -149*v - 128. Calculate z(-2).
170
Let g(u) = 2*u**2 - 120*u + 1416. Calculate g(44).
8
Let i(d) = d**2 - 35*d - 1260. Determine i(57).
-6
Let d(i) = -i**3 + 18*i**2 - 3*i + 148. Determine d(18).
94
Let q(y) = y**3 - 33*y**2 - 167*y - 19. Calculate q(38).
855
Let y(v) = v**2 - 90*v + 1853. Determine y(31).
24
Let d(x) = 2*x**3 - 59*x**2 + 32*x - 88. What is d(29)?
-1
Let v(d) = 9*d**2 + 45*d + 267. Calculate v(-7).
393
Let j(h) = 2*h**2 + 254*h + 4246. What is j(-107)?
-34
Let s(l) = -44*l**2 + 291*l + 11. What is s(7)?
-108
Let q(b) = 2*b**2 - 3*b - 24. Calculate q(7).
53
Let b(q) = -11*q**2 - 37*q + 5. What is b(-5)?
-85
Let x(q) = -3*q**3 - 5*q**2 - 9*q - 37. Give x(-4).
111
Let t(a) = 22*a - 1464. What is t(69)?
54
Let t(y) = -92*y - 1841. What is t(-20)?
-1
Let t(a) = a + 21. Calculate t(-19).
2
Let d(l) = -6*l**3 + l**2 - 2*l + 1. Calculate d(2).
-47
Let v(a) = a**2 - 11*a + 28. Calculate v(11).
28
Let x(o) = 204*o + 1023. Determine x(-5).
3
Let c(x) = -8*x**2 + 241*x - 469. Calculate c(28).
7
Let a(f) = 8*f**3 + 417*f**2 + 50*f + 121. What is a(-52)?
225
Let i(u) = 2*u**2 + 619*u + 25940. Determine i(-50).
-10
Let a(r) = -906*r - 7254. Give a(-8).
-6
Let v(b) = -26*b**2 - 3*b - 2. What is v(-2)?
-100
Let t(w) = -67*w + 690. Calculate t(11).
-47
Let h(c) = -99*c + 393. Give h(4).
-3
Let j(r) = -7*r**2 - 49*r - 35. Calculate j(-4).
49
Let p(q) = 3*q**2 + 13*q - 48. Determine p(6).
138
Let a(n) = n**3 - 80*n**2 + 68*n + 695. Give a(79).
-174
Let w(t) = 6*t**2 - 67*t - 511. Give w(-8).
409
Let i(x) = 2*x**3 - 21*x**2 - 62*x + 4. What is i(13)?
43
Let f(b) = -26*b**2 + 326*b - 708. Give f(3).
36
Let k(c) = -65*c - 6. Determine k(-3).
189
Let d(m) = -338*m + 3073. Determine 